*v - 27. Let u(f) = -2*n(f) - 27*o(f). Let t(d) = d + 3. Let s = 11 + -13. Let b be t(s). Give u(b).
-6
Suppose 4*y + 55 = -73. Let i = y - -28. Let b be (i + 8)/(-2) - -2. Let w(u) = u**2 - 1. Give w(b).
-1
Let x(v) = 4*v**2 + 6. Let c(h) = 3*h**2 + h + 5. Let w(t) = 5*c(t) - 4*x(t). Suppose 2*f = 5*z - 30, -13*f = -16*f. Give w(z).
-5
Suppose -688 + 233 = -5*i. Suppose 0 = 2*m + 5*m + i. Let p(n) = n**3 + 13*n**2 - 4. Give p(m).
-4
Let x = 140 - 137. Let p(w) = -w - 4. Calculate p(x).
-7
Let k(l) = -5*l - 16. Let z be k(-3). Let g be (-1 - 0) + z + 1 + 4. Let m(w) = w**3 - 4*w**2 + 2*w + 3. Determine m(g).
0
Suppose n + 10 = 4*f, 0*f + 5*f + 2*n = 19. Let i(u) = u**3 - 3 + 7*u - 9*u + 5*u**2 - 2*u**f. Suppose 4*w + 0 = 16. Determine i(w).
5
Let y = -84 - -86. Suppose 4*g - 7*g + 5 = p, y*p - 10 = 4*g. Let s(i) = i**2 - 3*i - 3. Determine s(p).
7
Let b(w) = -w**3 - 6*w**2 - 6*w + 11. Let c be b(-4). Let y(o) be the first derivative of -3*o**2 + 8*o + 1/3*o**3 - c. Calculate y(6).
8
Let u(i) be the third derivative of i**5/30 + i**4/8 - i**3/6 - 4*i**2. Let j = -309 + 311. What is u(j)?
13
Suppose 9 = -4*p - 3*r, 3*p - 1 = 2*r - 12. Let j(c) = -2*c**2 + 1 - 2*c - 3 + 0*c**2 - c**3. Determine j(p).
13
Let u(d) = 0 + 0*d**2 - 1 + 7*d + d**2. Let z = -537 + 531. Give u(z).
-7
Let m(s) = -8*s + 9. Let t(o) = -o + 3. Let z(p) = m(p) - 5*t(p). What is z(-3)?
3
Let a = 46 - 46. Let d(v) = 18 - 19 - v**3 + a*v**2 + 2*v**2 + 3*v**2 - 2*v. Calculate d(2).
7
Let c(w) = 3*w - 1. Suppose 13*y - 9*y = 20. Give c(y).
14
Suppose 4*j - m = 4, -2*m = 3*j - 3*m - 2. Suppose -2*d - 7*o + 2*o = 130, 0 = -d + j*o - 56. Let k be (-384)/d + (-2)/5. Let n(c) = c - 8. Determine n(k).
-2
Let u(i) = -i**2 + 5*i - 2. Let o(f) = -7*f + 4. Let p be o(4). Let n be 12*4*(-3)/p. Give u(n).
-8
Let w(n) = -n**2 + 4*n + 4. Let h = -86 + -10. Let f = -91 - h. Determine w(f).
-1
Suppose 73 = 22*p - 37. Let i = -4 - -7. Let g(b) = i - 2 + 3*b + b**2 + p - 5. What is g(-3)?
1
Let j be (-108)/(-21) - (-1)/(-7). Let k(s) = 8 - j*s - 4 - 4 - s**3 - 3 - 4*s**2. Determine k(-3).
3
Let g(j) = -2*j**2 - 14 + 372*j + 373*j + 362*j - 1087*j. What is g(10)?
-14
Let a(t) = -120*t - 7*t**3 + 1 + 6*t**2 + 116*t + 6*t**3. Let m = -3 + 8. Calculate a(m).
6
Let p = -3 - -5. Let c(r) = -4 - p*r + r - 1 - r. Let k(h) = 11*h + 182. Let u be k(-17). Determine c(u).
5
Let t(g) be the third derivative of -g**4/24 + g**3/6 + 40*g**2. Suppose -24*y + 2 = -26*y. Give t(y).
2
Let v(c) = -c + 9. Let t be v(7). Let j(g) = 0*g - 62*g**3 + 63*g**3 + 0*g - 3*g**2 - 2. Give j(t).
-6
Let s(t) = 0*t**2 - 2*t - 3*t - 7 + t**2. Let c = 96 + -90. Suppose 0 = y - 2*a - 12, 5*y - c*y + 4*a + 18 = 0. Calculate s(y).
-1
Let m(r) = r**2 + 2*r - 1. Let p be m(1). Let k = 3 + 0. Let j(i) = k*i**3 + 2*i**3 - i**2 - i + i**3 - 5*i**3. Calculate j(p).
2
Let b(m) = 7 - 44981*m - 4*m**2 + 3*m**2 + 44999*m. Determine b(18).
7
Let v(o) = o**2 + o. Let p(i) = 33*i**3 - 7*i**2 - 7*i - 1. Suppose -8*w + 2*w = 6. Let r(j) = w*p(j) - 5*v(j). Give r(-1).
34
Let p(x) = 147*x**2 + 12*x - 434*x**2 - 1 + 147*x**2 + 12 + 141*x**2. Let k = 13 - 22. Determine p(k).
-16
Let k(n) be the third derivative of n**8/6720 - n**7/630 - n**6/180 - n**5/24 - 17*n**4/24 + 18*n**2. Let j(t) be the second derivative of k(t). Calculate j(5).
0
Let s(t) = -t + 14. Let b be s(0). Let o be (-4)/b + (-4)/(-14). Suppose 20 = -o*m - 5*m. Let y(w) = -w**3 - 5*w**2 - 7*w - 5. Calculate y(m).
7
Let p(u) = -6*u**3 + 2*u**2 - 4*u - 7. Let q(d) = -5*d**3 + 2*d**2 - 3*d - 6. Let l(g) = 4*p(g) - 5*q(g). What is l(2)?
0
Suppose h = -5*h + 12. Suppose h*u - 2 - 2 = 0. Let s(r) = -5 - 4*r**2 + 4*r + r**3 - u + 4 + 0*r**2. What is s(3)?
0
Let j(x) be the first derivative of 13*x**2/2 + x + 11. Let y(d) = 14*d + 1. Let s(q) = 4*j(q) - 3*y(q). Let w = -3 - -2. Give s(w).
-9
Let c = -163 - -170. Let x(i) = 2*i - 9. Determine x(c).
5
Let y(r) = -7*r**2 + 841 - 836 + 4*r + 2*r**2 + r**3. Let p be (-12)/2*(-6)/9. Give y(p).
5
Let y = -1307 + 1310. Let w(g) be the second derivative of 0 + g**2 + 1/3*g**y - 11*g. Calculate w(2).
6
Suppose -4*f + 0*y + 36 = 4*y, -2*f = 5*y - 18. Let u(j) = 5*j + 1 - f - 3*j - 3*j. Give u(0).
-8
Let w(q) = -q**2 - 3*q - 3. Let j = -464 + 461. Give w(j).
-3
Let d(m) be the second derivative of 1/12*m**4 + 5/2*m**2 + 1/6*m**3 + 0 + 11*m. Give d(0).
5
Let o(i) = -7*i**3 + i**2 + 7*i + 2. Let a(p) = p**3 - p**2 - p. Suppose 2*j = -h + 1, -4*h + 0*j - 5*j = -1. Let d(r) = h*o(r) - 6*a(r). Give d(-5).
3
Let b be (-2)/(-1) + (-15 - -16). Suppose 4*f = b*f + 2. Let v(c) = f*c + 4*c - 5*c. Give v(0).
0
Let u(p) be the third derivative of -p**8/20160 - p**6/180 + 7*p**5/60 + 16*p**2. Let g(x) be the third derivative of u(x). Calculate g(0).
-4
Let j be 52/(-26)*((-1436)/(-480) + -3). Let o(w) be the third derivative of 1/2*w**3 + 0 + 1/6*w**4 - 10*w**2 + 0*w - j*w**5. Determine o(4).
3
Let b(i) = 3*i**3 + 13*i**2 + 3*i + 15. Let m(g) = -4*g**3 - 14*g**2 - 4*g - 15. Let u(l) = -5*b(l) - 4*m(l). What is u(9)?
-6
Let u(d) = -d**2 + 6*d + 1. Let j be 14/4*24/14. Suppose 0 = 45*n - 44*n - j. What is u(n)?
1
Let i(h) be the second derivative of -h**3/3 - 3*h**2/2 + 452*h. Give i(2).
-7
Suppose -q - 41 = 4*k, q - 1 - 2 = 0. Let f(l) = -l**2 - 12*l - 12. Calculate f(k).
-1
Let d(y) = 2*y - 5. Let c(w) = -w**2 + 6*w + 4. Let z be c(6). Let b(u) = 2*u - 4. Let p(t) = z*d(t) - 3*b(t). Let h = -59 - -65. What is p(h)?
4
Let c(t) be the first derivative of t**6/360 - t**4/24 - 2*t**3/3 - 9. Let r(q) be the third derivative of c(q). What is r(3)?
8
Let h(d) = -d**2 - 20*d - 1. Let r be 72/(-12) - (3 - -11). What is h(r)?
-1
Let a(j) = -j**3 + 3*j**2 - 2*j + 5. Let k be a(4). Let v(x) = -x**3 - 18*x**2 + 22*x + 44. What is v(k)?
-13
Let r = -220 - -226. Let g(c) = c - 4. Determine g(r).
2
Let r(w) = -w**2 - 12*w - 15. Suppose -4*i + o - 44 = 0, 18*o - 56 = 3*i + 23*o. Give r(i).
-15
Suppose -60*a = -5*a - 110. Let w(v) = -11*v**2 - 1. Determine w(a).
-45
Let d(n) = n**2 + 15*n - 12. Let k be ((-17)/(-2) + -10)*(-56)/(-6). What is d(k)?
-26
Suppose 0 = -18*o + 16*o + 2. Let b(a) be the third derivative of -a**5/30 + a**4/24 + 4*a**2. Determine b(o).
-1
Let i(o) be the second derivative of -o**3/3 + 21*o**2/2 - 27*o + 1. What is i(15)?
-9
Let d(l) = -3*l - 23. Let z(v) = -2*v + 8. Let x be z(8). Let i be d(x). Let y(t) = t. Calculate y(i).
1
Let j(i) = -i**3 + 24*i**2 - 22*i - 21. Let u be j(23). Let k(t) = -4 - t + 5*t**2 - 7*t**2 + t**3 - 2 + t**u. Determine k(0).
-6
Let z(j) = j**2 + j - 3. Let r = 844 + -847. Give z(r).
3
Let m(k) = 9*k - 14. Let c(l) = -11*l + 16. Let h(s) = -6*c(s) - 7*m(s). Let d(v) = -4*v**2 - v. Let r be d(-1). What is h(r)?
-7
Let o(z) = -z**3 - 9*z**2 - 13*z + 6. Let c = -62 - -55. Let l be o(c). Let s(h) = 10*h**3 + 2*h + 1. Calculate s(l).
-11
Let i(c) = -c - 1. Let t be 4/6 + (-31)/(-3). Suppose 3*n - 75 = 5*g, -2*g - 3*n - 32 + 2 = 0. Let q = t + g. What is i(q)?
3
Let g(y) = 2*y**3 + 5*y**2 + 3*y + 3. Let m be (-11 + 1)*1/(-2). Let d(o) = -o**2 + 5*o - 3. Let f be d(m). What is g(f)?
-15
Let m = 4 + -1. Suppose -s + 4*n = -3*s - 8, -s + 16 = -m*n. Suppose -7 = x - s. Let f(y) = y**3 + 4*y**2 + y + 3. Give f(x).
9
Let u(d) = 12*d**2 - 5*d + 4. Let k be u(1). Let z(r) = -r**3 + 12*r**2 - 9*r - 27. Let j be z(k). Let q(a) = a**2 + 4*a - 4. What is q(j)?
1
Let u(m) = -m + 46 - 15 - 28. Determine u(0).
3
Suppose -42*d + 45*d - 249 = 0. Let i = d - 88. Let x(c) = -c + 2. Determine x(i).
7
Let w be ((-10)/6)/((-4)/(-12)). Suppose 0*b + 19 = 2*b - 5*l, -4*b + 5 = l. Let j(a) = -4 + 6*a**b + 0*a**3 + 4*a - a + a**3. Give j(w).
6
Let l = 769 + -765. Let x(w) = w**3 - 2*w**2 - w + 5. Give x(l).
33
Let b(n) = 41*n - 2 + 43*n + 34*n - 119*n. Determine b(-3).
1
Let g(p) = 2 - 1 - 2*p**2 + 0*p**2. Give g(1).
-1
Let b(u) = 6*u**2 - u - 3*u**3 + u**3 - 3*u - 3 + u**3. Let c be -3*3/(-18)*-26. Let d = -8 - c. What is b(d)?
2
Let z = 160 - 158. Suppose 3*l = 3*u + 21, -3*l - z*u = -0*l - 11. Let p(w) = w**3 - 6*w**2 + 4*w - 7. What is p(l)?
-12
Let s(x) = -6*x**2 - 73*x - 11. Let k be s(-12). Let g(f) = 7*f**3 - f**2 - 2*f + 2. Determine g(k).
6
Let k(t) = 2*t**3 - 16*t**2 - 5*t + 5. Let m(d) = -3*d**3 + 28*d**2 + 9*d - 10. Let y(j) = -5*k(j) - 3*m(j). What is y(